{"id":2438,"date":"2017-07-30T18:59:13","date_gmt":"2017-07-30T21:59:13","guid":{"rendered":"http:\/\/ecoequilibrium.com.br\/?page_id=2438"},"modified":"2017-07-30T19:19:34","modified_gmt":"2017-07-30T22:19:34","slug":"atuacao-engenharias-gestao-e-servicos-ambientais","status":"publish","type":"page","link":"http:\/\/ecoequilibrium.com.br\/index.php\/atuacao-engenharias-gestao-e-servicos-ambientais\/","title":{"rendered":"Atua\u00e7\u00e3o &#8211; Engenharias, Gest\u00e3o e Servi\u00e7os Ambientais"},"content":{"rendered":"<p><strong>ENGENHARIAS, GEST\u00c3O E SERVI\u00c7OS AMBIENTAIS<\/strong><\/p>\n<ul>\n<li>Elabora\u00e7\u00e3o, Implanta\u00e7\u00e3o e Gest\u00e3o de Projetos, Planos e Programas Ambientais;<\/li>\n<li>Recupera\u00e7\u00e3o e Restaura\u00e7\u00e3o Ecol\u00f3gica de Ecossistemas Naturais;<\/li>\n<li>Elabora\u00e7\u00e3o e Implanta\u00e7\u00e3o de PRAD\u00b4s \u2013 Projetos de Recupera\u00e7\u00e3o de \u00c1reas Degradadas;<\/li>\n<li>Projetos de Engenharia Ambiental,<\/li>\n<li>Projetos de Engenharia Cartogr\u00e1fica;<\/li>\n<li>Projetos de Engenharia de Seguran\u00e7a do Trabalho<span style=\"text-decoration: line-through;\">;<\/span><\/li>\n<li>Revegeta\u00e7\u00e3o de taludes com t\u00e9cnicas de Hidrossemeaduras;<\/li>\n<li>Paisagismo, Plantios Ornamentais e Manuten\u00e7\u00e3o de \u00c1reas Verdes;<\/li>\n<li>Levantamento, Monitoramento, Resgate e Reintrodu\u00e7\u00e3o de Fauna e Flora;<\/li>\n<li>Implanta\u00e7\u00e3o e Opera\u00e7\u00e3o de Centros de Triagens de Animais Silvestres e de vegeta\u00e7\u00e3o;<\/li>\n<li>An\u00e1lise da fertilidade de solos;<\/li>\n<li>Diagn\u00f3stico fitossanit\u00e1rio de \u00e1rvores.<\/li>\n<\/ul>\n","protected":false},"excerpt":{"rendered":"<p>ENGENHARIAS, GEST\u00c3O E SERVI\u00c7OS AMBIENTAIS Elabora\u00e7\u00e3o, Implanta\u00e7\u00e3o e Gest\u00e3o de Projetos, Planos e Programas Ambientais; Recupera\u00e7\u00e3o e Restaura\u00e7\u00e3o Ecol\u00f3gica de Ecossistemas Naturais; Elabora\u00e7\u00e3o e Implanta\u00e7\u00e3o de [&hellip;]<\/p>\n","protected":false},"author":1,"featured_media":0,"parent":0,"menu_order":0,"comment_status":"closed","ping_status":"closed","template":"","meta":[],"_links":{"self":[{"href":"http:\/\/ecoequilibrium.com.br\/index.php\/wp-json\/wp\/v2\/pages\/2438"}],"collection":[{"href":"http:\/\/ecoequilibrium.com.br\/index.php\/wp-json\/wp\/v2\/pages"}],"about":[{"href":"http:\/\/ecoequilibrium.com.br\/index.php\/wp-json\/wp\/v2\/types\/page"}],"author":[{"embeddable":true,"href":"http:\/\/ecoequilibrium.com.br\/index.php\/wp-json\/wp\/v2\/users\/1"}],"replies":[{"embeddable":true,"href":"http:\/\/ecoequilibrium.com.br\/index.php\/wp-json\/wp\/v2\/comments?post=2438"}],"version-history":[{"count":2,"href":"http:\/\/ecoequilibrium.com.br\/index.php\/wp-json\/wp\/v2\/pages\/2438\/revisions"}],"predecessor-version":[{"id":2441,"href":"http:\/\/ecoequilibrium.com.br\/index.php\/wp-json\/wp\/v2\/pages\/2438\/revisions\/2441"}],"wp:attachment":[{"href":"http:\/\/ecoequilibrium.com.br\/index.php\/wp-json\/wp\/v2\/media?parent=2438"}],"curies":[{"name":"wp","href":"https:\/\/api.w.org\/{rel}","templated":true}]}}