{"id":2452,"date":"2017-07-30T19:08:56","date_gmt":"2017-07-30T22:08:56","guid":{"rendered":"http:\/\/ecoequilibrium.com.br\/?page_id=2452"},"modified":"2017-07-30T19:08:56","modified_gmt":"2017-07-30T22:08:56","slug":"atuacao-projetos-sustentaveis-e-solucoes-inovadoras","status":"publish","type":"page","link":"http:\/\/ecoequilibrium.com.br\/index.php\/atuacao-projetos-sustentaveis-e-solucoes-inovadoras\/","title":{"rendered":"Atua\u00e7\u00e3o &#8211; Projetos Sustent\u00e1veis e Solu\u00e7\u00f5es Inovadoras"},"content":{"rendered":"<p><strong>PROJETOS SUSTENT\u00c1VEIS E SOLU\u00c7\u00d5ES INOVADORAS<\/strong><\/p>\n<ul>\n<li>Projetos de Bioengenharia (<em>Engenharia Natural<\/em>);<\/li>\n<li>Projetos e Implanta\u00e7\u00e3o de Sistemas Agroflorestais;<\/li>\n<li>Projetos e Implanta\u00e7\u00e3o de Sistemas de Permacultura;<\/li>\n<li>Avalia\u00e7\u00e3o de potenciais e implanta\u00e7\u00e3o de Sistemas Autossustent\u00e1veis (<em>Projetos de Energia Renov\u00e1vel, Reaproveitamento de \u00e1gua das chuvas; produ\u00e7\u00e3o de fertilizantes naturais, composteiras, etc<\/em>);<\/li>\n<li>Manejo sustent\u00e1vel para capta\u00e7\u00e3o, uso e reuso de \u00e1guas;<\/li>\n<li>Saneamento Ecol\u00f3gico (<em>Biodigestores, Zona de Infiltra\u00e7\u00e3o de Ra\u00edzes, Jardins Filtrantes<\/em>);<\/li>\n<li>Implanta\u00e7\u00e3o de Reservas Particulares do Patrim\u00f4nio Natural e Municipal;<\/li>\n<li>Levantamentos da capacidade de uso de solos.<\/li>\n<\/ul>\n","protected":false},"excerpt":{"rendered":"<p>PROJETOS SUSTENT\u00c1VEIS E SOLU\u00c7\u00d5ES INOVADORAS Projetos de Bioengenharia (Engenharia Natural); Projetos e Implanta\u00e7\u00e3o de Sistemas Agroflorestais; Projetos e Implanta\u00e7\u00e3o de Sistemas de Permacultura; Avalia\u00e7\u00e3o de potenciais [&hellip;]<\/p>\n","protected":false},"author":1,"featured_media":0,"parent":0,"menu_order":0,"comment_status":"closed","ping_status":"closed","template":"","meta":[],"_links":{"self":[{"href":"http:\/\/ecoequilibrium.com.br\/index.php\/wp-json\/wp\/v2\/pages\/2452"}],"collection":[{"href":"http:\/\/ecoequilibrium.com.br\/index.php\/wp-json\/wp\/v2\/pages"}],"about":[{"href":"http:\/\/ecoequilibrium.com.br\/index.php\/wp-json\/wp\/v2\/types\/page"}],"author":[{"embeddable":true,"href":"http:\/\/ecoequilibrium.com.br\/index.php\/wp-json\/wp\/v2\/users\/1"}],"replies":[{"embeddable":true,"href":"http:\/\/ecoequilibrium.com.br\/index.php\/wp-json\/wp\/v2\/comments?post=2452"}],"version-history":[{"count":1,"href":"http:\/\/ecoequilibrium.com.br\/index.php\/wp-json\/wp\/v2\/pages\/2452\/revisions"}],"predecessor-version":[{"id":2453,"href":"http:\/\/ecoequilibrium.com.br\/index.php\/wp-json\/wp\/v2\/pages\/2452\/revisions\/2453"}],"wp:attachment":[{"href":"http:\/\/ecoequilibrium.com.br\/index.php\/wp-json\/wp\/v2\/media?parent=2452"}],"curies":[{"name":"wp","href":"https:\/\/api.w.org\/{rel}","templated":true}]}}